23 and 57?
19
What is the greatest common divisor of 4037 and 44?
11
What is the greatest common divisor of 63764 and 24331?
839
What is the greatest common divisor of 2034 and 1579740?
678
What is the highest common factor of 400 and 88256?
16
What is the greatest common factor of 1625 and 14125?
125
Calculate the greatest common divisor of 4032 and 380520.
504
What is the greatest common factor of 5 and 841?
1
Calculate the greatest common divisor of 13 and 3178292.
13
What is the highest common divisor of 27455 and 21565?
95
Calculate the greatest common factor of 33 and 82808.
11
What is the greatest common factor of 129668 and 421?
421
What is the greatest common factor of 714681 and 396?
99
Calculate the greatest common divisor of 237 and 81.
3
Calculate the highest common factor of 1494 and 2394.
18
What is the greatest common factor of 7704 and 139742?
214
Calculate the highest common factor of 1157 and 299.
13
What is the highest common divisor of 107272 and 8372?
92
Calculate the highest common divisor of 551 and 7733.
19
What is the highest common divisor of 14840 and 14?
14
Calculate the highest common divisor of 273 and 559.
13
Calculate the greatest common factor of 186 and 244311.
93
Calculate the greatest common factor of 21111 and 34731.
681
Calculate the greatest common factor of 30360 and 1500.
60
Calculate the highest common divisor of 72 and 973608.
24
What is the greatest common divisor of 450 and 92970?
90
Calculate the greatest common factor of 19 and 4396201.
19
What is the greatest common factor of 3424 and 4280?
856
What is the highest common divisor of 545 and 4029185?
545
What is the highest common divisor of 3400 and 1320?
40
What is the greatest common divisor of 453922 and 7?
7
Calculate the highest common divisor of 41369 and 8072.
1009
What is the highest common factor of 52080 and 672?
336
What is the highest common divisor of 179696 and 528?
176
What is the highest common divisor of 520 and 5187?
13
What is the highest common divisor of 215470 and 1450?
290
Calculate the highest common divisor of 8164 and 45216.
628
What is the greatest common factor of 1756 and 464?
4
What is the highest common factor of 149657 and 91991?
1373
Calculate the greatest common divisor of 413055 and 15.
15
Calculate the greatest common divisor of 48 and 203208.
24
Calculate the greatest common divisor of 6123 and 609.
3
Calculate the greatest common divisor of 3271 and 109.
1
What is the greatest common divisor of 50 and 23825?
25
Calculate the highest common factor of 4309463 and 487.
487
Calculate the greatest common divisor of 4643045 and 1562.
781
What is the greatest common divisor of 71400 and 202062?
714
Calculate the greatest common divisor of 18 and 8784.
18
Calculate the highest common factor of 73685 and 1.
1
What is the highest common factor of 240 and 503280?
240
What is the greatest common factor of 15945 and 3090?
15
What is the highest common divisor of 620 and 13268?
124
What is the highest common divisor of 53601 and 51?
51
What is the highest common factor of 26811 and 891?
81
What is the greatest common divisor of 247 and 24830?
13
What is the highest common divisor of 3 and 1474?
1
What is the greatest common factor of 1900171 and 117?
13
What is the highest common divisor of 2030 and 69440?
70
What is the greatest common divisor of 14 and 8386?
14
What is the highest common factor of 1160 and 10730?
290
What is the greatest common divisor of 311812 and 1918?
274
Calculate the greatest common factor of 195640 and 1608.
536
Calculate the greatest common divisor of 12156 and 726.
6
What is the highest common divisor of 864453 and 535?
107
What is the highest common divisor of 98 and 20030906?
98
Calculate the greatest common factor of 5029 and 188.
47
Calculate the greatest common divisor of 190373 and 1143.
127
Calculate the greatest common divisor of 1600 and 361650.
50
What is the greatest common divisor of 1348049 and 537?
179
What is the greatest common factor of 544 and 528224?
544
Calculate the highest common divisor of 14445 and 8523.
9
What is the highest common factor of 39 and 37817?
13
What is the greatest common factor of 20952 and 1251?
9
What is the highest common factor of 2962570 and 6760?
1690
Calculate the highest common divisor of 409776 and 54.
6
What is the greatest common factor of 604 and 14043?
151
Calculate the greatest common divisor of 89487 and 549.
549
What is the greatest common divisor of 1031917 and 17?
17
What is the greatest common divisor of 65 and 351221?
13
Calculate the highest common divisor of 25285520 and 2665.
2665
Calculate the greatest common factor of 359412 and 12.
12
Calculate the highest common divisor of 12982461 and 1146.
573
Calculate the highest common divisor of 824 and 62727.
103
Calculate the highest common divisor of 254241 and 2809.
53
Calculate the greatest common factor of 469508 and 12.
4
Calculate the highest common divisor of 42 and 129612.
42
What is the highest common factor of 448 and 854?
14
Calculate the greatest common factor of 68 and 25194.
34
What is the greatest common divisor of 82253 and 1245?
83
Calculate the highest common divisor of 17920 and 13300.
140
What is the highest common divisor of 2527 and 1120?
7
What is the greatest common factor of 946 and 96578?
86
What is the greatest common factor of 190 and 230014?
38
What is the greatest common factor of 28 and 167454?
14
Calculate the highest common divisor of 910 and 10549630.
910
Calculate the greatest common factor of 174 and 41934.
174
Calculate the greatest common factor of 1694981 and 41.
41
What is the highest common divisor of 60888 and 17544?
1032
Calculate the greatest common divisor of 38734 and 2568.
214
What is the highest common factor of 16515 and 4680?
45
Calculate the highest common factor of 1045904 and 144.
16
Calculate the highest common divisor of 111746 and 6254.
118
Calculate the greatest common factor of 590776 and 8.
8
What is the greatest common factor of 162 and 63018?
162
Calculate the highest common divisor of 349664 and 364.
28
Calculate the highest common divisor of 30700 and 2150.
50
What is the highest common factor of 4884 and 97236?
444
Calculate the greatest common divisor of 27184 and 745861.
1699
What is the highest common divisor of 812 and 8294?
58
What is the greatest common factor of 30213 and 16039?
373
What is the greatest common factor of 7056 and 5184?
144
What is the greatest common factor of 1544 and 102869?
193
Calculate the greatest common divisor of 4 and 42236.
4
What is the highest common factor of 23785 and 355?
355
Calculate the highest common factor of 3478938 and 114.
114
Calculate the highest common factor of 5204 and 375989.
1301
What is the greatest common divisor of 799940 and 460?
460
Calculate the highest common divisor of 3222 and 1071.
9
Calculate the greatest common divisor of 9416 and 2574.
22
What is the highest common divisor of 2154383 and 1142?
571
Calculate the greatest common divisor of 193500 and 20700.
900
What is the highest common divisor of 7252 and 13986?
518
What is the highest common factor of 55 and 2740?
5
What is the highest common divisor of 108 and 1485216?
108
What is the greatest common factor of 1280 and 920?
40
What is the highest common divisor of 42 and 4080?
6
What is the highest common factor of 46 and 1254696?
46
Calculate the greatest common divisor of 20972 and 1764.
196
Calculate the greatest common divisor of 13656 and 216.
24
What is the highest common divisor of 35693 and 14?
7
Calculate the highest common factor of 567 and 174573.
63
What is the highest common divisor of 34 and 190978?
34
Calculate the greatest common divisor of 41 and 433493.
41
What is the greatest common divisor of 110407 and 143?
11
What is the greatest common divisor of 115552 and 56?
8
Calculate the highest common divisor of 592962 and 222.
222
What is the greatest common divisor of 246 and 40713?
123
Calculate the greatest common factor of 156942 and 18.
18
Calculate the highest common factor of 24 and 11838.
6
Calculate the greatest common divisor of 477 and 23532.
159
Calculate the greatest common divisor of 54 and 10682604.
54
What is the greatest common divisor of 121348 and 828?
92
Calculate the gr